{"id":1054,"date":"2020-04-06T15:32:07","date_gmt":"2020-04-06T15:32:07","guid":{"rendered":"https:\/\/villaimex.com\/sitio\/?page_id=1054"},"modified":"2020-04-16T17:39:28","modified_gmt":"2020-04-16T17:39:28","slug":"impresion-offset-2","status":"publish","type":"page","link":"https:\/\/villaimex.com\/sitio\/imprenta\/impresion-offset-2\/","title":{"rendered":"Impresi\u00f3n Offset"},"content":{"rendered":"\t\t<div data-elementor-type=\"wp-page\" data-elementor-id=\"1054\" class=\"elementor elementor-1054\">\n\t\t\t\t\t\t<section class=\"elementor-section elementor-top-section elementor-element elementor-element-60f7ffa elementor-section-boxed elementor-section-height-default elementor-section-height-default\" data-id=\"60f7ffa\" data-element_type=\"section\">\n\t\t\t\t\t\t<div class=\"elementor-container elementor-column-gap-default\">\n\t\t\t\t\t<div class=\"elementor-column elementor-col-100 elementor-top-column elementor-element elementor-element-2f026ca\" data-id=\"2f026ca\" data-element_type=\"column\">\n\t\t\t<div class=\"elementor-widget-wrap elementor-element-populated\">\n\t\t\t\t\t\t<div class=\"elementor-element elementor-element-f44d217 elementor-widget elementor-widget-text-editor\" data-id=\"f44d217\" data-element_type=\"widget\" data-widget_type=\"text-editor.default\">\n\t\t\t\t<div class=\"elementor-widget-container\">\n\t\t\t\t\t\t\t<p>Empresario puede ordenar imprimir su Papeler\u00eda con lo ha hecho Siempre \u00f3 Ahorrando Tiempo y Dinero, haci\u00e9ndolo con nosotros.<\/p>\n<p>Contamos con la tecnolog\u00eda de impresi\u00f3n y numeraci\u00f3n en un solo paso. Impresi\u00f3n hasta de Doble Oficio.<\/p>\n<p>Los\u00a0<b>talonarios autocopiativos<\/b>\u00a0son una herramienta \u00fatil para la creaci\u00f3n de documentos de forma r\u00e1pida. Nos permite emitir escritos manuales con m\u00faltiples copias en muy poco tiempo. Son muy utilizados para facturas, contratos, albaranes y toma de pedidos. No obstante, puedes adaptarlos a tus necesidades. En <b>VillaiMEX<\/b>\u00a0podr\u00e1s personalizar una gran cantidad de variables e imprimir tus talonarios autocopia a tu medida, de forma que su uso optimice tu tiempo.\u00a0<\/p>\t\t\t\t\t\t<\/div>\n\t\t\t\t<\/div>\n\t\t\t\t\t<\/div>\n\t\t<\/div>\n\t\t\t\t\t<\/div>\n\t\t<\/section>\n\t\t\t\t<section class=\"elementor-section elementor-top-section elementor-element elementor-element-8de5ca6 elementor-section-boxed elementor-section-height-default elementor-section-height-default\" data-id=\"8de5ca6\" data-element_type=\"section\">\n\t\t\t\t\t\t<div class=\"elementor-container elementor-column-gap-default\">\n\t\t\t\t\t<div class=\"elementor-column elementor-col-100 elementor-top-column elementor-element elementor-element-18f5151\" data-id=\"18f5151\" data-element_type=\"column\">\n\t\t\t<div class=\"elementor-widget-wrap elementor-element-populated\">\n\t\t\t\t\t\t<div class=\"elementor-element elementor-element-0c6e153 elementor-widget elementor-widget-image\" data-id=\"0c6e153\" data-element_type=\"widget\" data-widget_type=\"image.default\">\n\t\t\t\t<div class=\"elementor-widget-container\">\n\t\t\t\t\t\t\t\t\t\t\t\t\t<img fetchpriority=\"high\" decoding=\"async\" width=\"900\" height=\"350\" src=\"https:\/\/villaimex.com\/sitio\/wp-content\/uploads\/2020\/04\/1532683971.jpeg\" class=\"attachment-large size-large wp-image-1144\" alt=\"\" srcset=\"https:\/\/villaimex.com\/sitio\/wp-content\/uploads\/2020\/04\/1532683971.jpeg 900w, https:\/\/villaimex.com\/sitio\/wp-content\/uploads\/2020\/04\/1532683971-300x117.jpeg 300w, https:\/\/villaimex.com\/sitio\/wp-content\/uploads\/2020\/04\/1532683971-768x299.jpeg 768w, https:\/\/villaimex.com\/sitio\/wp-content\/uploads\/2020\/04\/1532683971-600x233.jpeg 600w\" sizes=\"(max-width: 900px) 100vw, 900px\" \/>\t\t\t\t\t\t\t\t\t\t\t\t\t<\/div>\n\t\t\t\t<\/div>\n\t\t\t\t\t<\/div>\n\t\t<\/div>\n\t\t\t\t\t<\/div>\n\t\t<\/section>\n\t\t\t\t<section class=\"elementor-section elementor-top-section elementor-element elementor-element-24442a9 elementor-section-boxed elementor-section-height-default elementor-section-height-default\" data-id=\"24442a9\" data-element_type=\"section\">\n\t\t\t\t\t\t<div class=\"elementor-container elementor-column-gap-default\">\n\t\t\t\t\t<div class=\"elementor-column elementor-col-33 elementor-top-column elementor-element elementor-element-35192aa\" data-id=\"35192aa\" data-element_type=\"column\">\n\t\t\t<div class=\"elementor-widget-wrap elementor-element-populated\">\n\t\t\t\t\t\t<div class=\"elementor-element elementor-element-d7c45b5 elementor-widget elementor-widget-text-editor\" data-id=\"d7c45b5\" data-element_type=\"widget\" data-widget_type=\"text-editor.default\">\n\t\t\t\t<div class=\"elementor-widget-container\">\n\t\t\t\t\t\t\t<p style=\"font-variant-ligatures: normal; font-variant-caps: normal; font-family: Roboto, sans-serif; font-size: 14px; font-style: normal; font-weight: 400;\"><span style=\"font-size: 14px; font-weight: 600;\">Colores de impresi\u00f3n:<\/span><\/p>\n<div class=\"wp-block-group\" style=\"font-variant-ligatures: normal; font-variant-caps: normal; font-family: Roboto, sans-serif; font-size: 14px; font-style: normal; font-weight: 400;\">\n<div class=\"wp-block-group__inner-container\" style=\"font-size: 14px;\">\n<ul style=\"font-size: 14px;\">\n<li style=\"font-size: 14px;\">Negro<\/li>\n<li style=\"font-size: 14px;\">Azul Rey<\/li>\n<li style=\"font-size: 14px;\">Azul cielo<\/li>\n<li style=\"font-size: 14px;\">Verde<\/li>\n<li style=\"font-size: 14px;\">Rojo<\/li>\n<li style=\"font-size: 14px;\">Magenta<\/li>\n<li style=\"font-size: 14px;\">Amarillo<\/li>\n<li style=\"font-size: 14px;\">entre otros.<\/li>\n<\/ul>\n<\/div>\n<\/div>\t\t\t\t\t\t<\/div>\n\t\t\t\t<\/div>\n\t\t\t\t\t<\/div>\n\t\t<\/div>\n\t\t\t\t<div class=\"elementor-column elementor-col-33 elementor-top-column elementor-element elementor-element-2d119f7\" data-id=\"2d119f7\" data-element_type=\"column\">\n\t\t\t<div class=\"elementor-widget-wrap elementor-element-populated\">\n\t\t\t\t\t\t<div class=\"elementor-element elementor-element-0a6990f elementor-widget elementor-widget-text-editor\" data-id=\"0a6990f\" data-element_type=\"widget\" data-widget_type=\"text-editor.default\">\n\t\t\t\t<div class=\"elementor-widget-container\">\n\t\t\t\t\t\t\t<p><strong>Copias impresi\u00f3n offset:<\/strong><\/p>\n<div class=\"wp-block-group\">\n<div class=\"wp-block-group__inner-container\">\n<ul>\n<li>Blanco<\/li>\n<li>Azul<\/li>\n<li>Rosa<\/li>\n<li>Verde<\/li>\n<li>Amarillo<\/li>\n<\/ul>\n<\/div>\n<\/div>\t\t\t\t\t\t<\/div>\n\t\t\t\t<\/div>\n\t\t\t\t\t<\/div>\n\t\t<\/div>\n\t\t\t\t<div class=\"elementor-column elementor-col-33 elementor-top-column elementor-element elementor-element-5340ffe\" data-id=\"5340ffe\" data-element_type=\"column\">\n\t\t\t<div class=\"elementor-widget-wrap elementor-element-populated\">\n\t\t\t\t\t\t<div class=\"elementor-element elementor-element-c984463 elementor-widget elementor-widget-text-editor\" data-id=\"c984463\" data-element_type=\"widget\" data-widget_type=\"text-editor.default\">\n\t\t\t\t<div class=\"elementor-widget-container\">\n\t\t\t\t\t\t\t<p style=\"font-variant-ligatures: normal; font-variant-caps: normal; font-family: Roboto, sans-serif; font-size: 14px; font-style: normal; font-weight: 400;\"><span style=\"font-size: 14px; font-weight: 600;\">Comprobantes con c\u00f3digo bidimensionales<\/span><\/p>\n<ul style=\"font-variant-ligatures: normal; font-variant-caps: normal; font-family: Roboto, sans-serif; font-size: 14px; font-style: normal; font-weight: 400;\">\n<li style=\"font-size: 14px;\">Facturas<\/li>\n<li style=\"font-size: 14px;\">Autofacturas<\/li>\n<li style=\"font-size: 14px;\">Carta-Porte<\/li>\n<li style=\"font-size: 14px;\">Notas de Credito<\/li>\n<li style=\"font-size: 14px;\">Notas de Cargo<\/li>\n<li style=\"font-size: 14px;\">Recibos de honorarios<\/li>\n<li style=\"font-size: 14px;\">Recibos de Arrendamiento<\/li>\n<\/ul>\n<div class=\"wp-block-group\">\n<div class=\"wp-block-group__inner-container\">\u00a0<\/div>\n<\/div>\t\t\t\t\t\t<\/div>\n\t\t\t\t<\/div>\n\t\t\t\t\t<\/div>\n\t\t<\/div>\n\t\t\t\t\t<\/div>\n\t\t<\/section>\n\t\t\t\t<section class=\"elementor-section elementor-top-section elementor-element elementor-element-3763fa0 elementor-section-boxed elementor-section-height-default elementor-section-height-default\" data-id=\"3763fa0\" data-element_type=\"section\">\n\t\t\t\t\t\t<div class=\"elementor-container elementor-column-gap-default\">\n\t\t\t\t\t<div class=\"elementor-column elementor-col-33 elementor-top-column elementor-element elementor-element-c310e52\" data-id=\"c310e52\" data-element_type=\"column\">\n\t\t\t<div class=\"elementor-widget-wrap elementor-element-populated\">\n\t\t\t\t\t\t<div class=\"elementor-element elementor-element-962740a elementor-widget elementor-widget-text-editor\" data-id=\"962740a\" data-element_type=\"widget\" data-widget_type=\"text-editor.default\">\n\t\t\t\t<div class=\"elementor-widget-container\">\n\t\t\t\t\t\t\t<p><strong>Otros comprobantes<\/strong><\/p>\n<ul>\n<li>Comandas<\/li>\n<li>Notas de Venta<\/li>\n<li>Remisiones<\/li>\n<li>Remisiones Factura<\/li>\n<li>Pedidos<\/li>\n<li>Recibos Provisionales<\/li>\n<li>Etc&#8230;<\/li>\n<\/ul>\t\t\t\t\t\t<\/div>\n\t\t\t\t<\/div>\n\t\t\t\t\t<\/div>\n\t\t<\/div>\n\t\t\t\t<div class=\"elementor-column elementor-col-33 elementor-top-column elementor-element elementor-element-6482df8\" data-id=\"6482df8\" data-element_type=\"column\">\n\t\t\t<div class=\"elementor-widget-wrap elementor-element-populated\">\n\t\t\t\t\t\t<div class=\"elementor-element elementor-element-516e581 elementor-widget elementor-widget-text-editor\" data-id=\"516e581\" data-element_type=\"widget\" data-widget_type=\"text-editor.default\">\n\t\t\t\t<div class=\"elementor-widget-container\">\n\t\t\t\t\t\t\t<p><strong>Otros productos<\/strong><\/p>\n<ul>\n<li>Tarjetas 1 o 2 tintas<\/li>\n<li>Hojas Membretadas<\/li>\n<li>Sobres Membretados<\/li>\n<li>Folders<\/li>\n<li>Volantes<\/li>\n<li>Dipticos<\/li>\n<li>Tripticos<\/li>\n<li>Folletos<\/li>\n<li>Tarjetones<\/li>\n<li>Boletas<\/li>\n<li>Etc&#8230;<\/li>\n<\/ul>\t\t\t\t\t\t<\/div>\n\t\t\t\t<\/div>\n\t\t\t\t\t<\/div>\n\t\t<\/div>\n\t\t\t\t<div class=\"elementor-column elementor-col-33 elementor-top-column elementor-element elementor-element-6101bed\" data-id=\"6101bed\" data-element_type=\"column\">\n\t\t\t<div class=\"elementor-widget-wrap elementor-element-populated\">\n\t\t\t\t\t\t<div class=\"elementor-element elementor-element-efe0d16 elementor-widget elementor-widget-text-editor\" data-id=\"efe0d16\" data-element_type=\"widget\" data-widget_type=\"text-editor.default\">\n\t\t\t\t<div class=\"elementor-widget-container\">\n\t\t\t\t\t\t\t<p><b>Medidas de Formas Generales<\/b><\/p>\n<ul>\n<li>1\/4 Carta<\/li>\n<li>1\/2 Carta<\/li>\n<li>Carta<\/li>\n<li>Doble Carta<\/li>\n<li>1\/4 Oficio<\/li>\n<li>1\/2 Oficio<\/li>\n<li>Oficio<\/li>\n<li>Doble Oficio<\/li>\n<\/ul>\t\t\t\t\t\t<\/div>\n\t\t\t\t<\/div>\n\t\t\t\t\t<\/div>\n\t\t<\/div>\n\t\t\t\t\t<\/div>\n\t\t<\/section>\n\t\t\t\t<section class=\"elementor-section elementor-top-section elementor-element elementor-element-91a4029 elementor-section-boxed elementor-section-height-default elementor-section-height-default\" data-id=\"91a4029\" data-element_type=\"section\">\n\t\t\t\t\t\t<div class=\"elementor-container elementor-column-gap-default\">\n\t\t\t\t\t<div class=\"elementor-column elementor-col-100 elementor-top-column elementor-element elementor-element-667810e\" data-id=\"667810e\" data-element_type=\"column\">\n\t\t\t<div class=\"elementor-widget-wrap elementor-element-populated\">\n\t\t\t\t\t\t<div class=\"elementor-element elementor-element-2afba1c elementor-widget elementor-widget-image\" data-id=\"2afba1c\" data-element_type=\"widget\" data-widget_type=\"image.default\">\n\t\t\t\t<div class=\"elementor-widget-container\">\n\t\t\t\t\t\t\t\t\t\t\t\t\t<img decoding=\"async\" width=\"570\" height=\"380\" src=\"https:\/\/villaimex.com\/sitio\/wp-content\/uploads\/2020\/04\/AUTOCOPIAIND.jpg\" class=\"attachment-large size-large wp-image-1148\" alt=\"\" srcset=\"https:\/\/villaimex.com\/sitio\/wp-content\/uploads\/2020\/04\/AUTOCOPIAIND.jpg 570w, https:\/\/villaimex.com\/sitio\/wp-content\/uploads\/2020\/04\/AUTOCOPIAIND-300x200.jpg 300w\" sizes=\"(max-width: 570px) 100vw, 570px\" \/>\t\t\t\t\t\t\t\t\t\t\t\t\t<\/div>\n\t\t\t\t<\/div>\n\t\t\t\t\t<\/div>\n\t\t<\/div>\n\t\t\t\t\t<\/div>\n\t\t<\/section>\n\t\t\t\t<\/div>\n\t\t","protected":false},"excerpt":{"rendered":"<p>Empresario puede ordenar imprimir su Papeler\u00eda con lo ha hecho Siempre \u00f3 Ahorrando Tiempo y Dinero, haci\u00e9ndolo con nosotros. Contamos con la tecnolog\u00eda de impresi\u00f3n y numeraci\u00f3n en un solo paso. Impresi\u00f3n hasta de Doble Oficio. Los\u00a0talonarios autocopiativos\u00a0son una herramienta \u00fatil para la creaci\u00f3n de documentos de forma r\u00e1pida. Nos permite emitir escritos manuales con [&hellip;]<\/p>\n","protected":false},"author":1,"featured_media":0,"parent":759,"menu_order":0,"comment_status":"closed","ping_status":"closed","template":"","meta":{"ocean_post_layout":"","ocean_both_sidebars_style":"","ocean_both_sidebars_content_width":0,"ocean_both_sidebars_sidebars_width":0,"ocean_sidebar":"0","ocean_second_sidebar":"0","ocean_disable_margins":"enable","ocean_add_body_class":"","ocean_shortcode_before_top_bar":"","ocean_shortcode_after_top_bar":"","ocean_shortcode_before_header":"","ocean_shortcode_after_header":"","ocean_has_shortcode":"","ocean_shortcode_after_title":"","ocean_shortcode_before_footer_widgets":"","ocean_shortcode_after_footer_widgets":"","ocean_shortcode_before_footer_bottom":"","ocean_shortcode_after_footer_bottom":"","ocean_display_top_bar":"default","ocean_display_header":"default","ocean_header_style":"","ocean_center_header_left_menu":"0","ocean_custom_header_template":"0","ocean_custom_logo":0,"ocean_custom_retina_logo":0,"ocean_custom_logo_max_width":0,"ocean_custom_logo_tablet_max_width":0,"ocean_custom_logo_mobile_max_width":0,"ocean_custom_logo_max_height":0,"ocean_custom_logo_tablet_max_height":0,"ocean_custom_logo_mobile_max_height":0,"ocean_header_custom_menu":"0","ocean_menu_typo_font_family":"0","ocean_menu_typo_font_subset":"","ocean_menu_typo_font_size":0,"ocean_menu_typo_font_size_tablet":0,"ocean_menu_typo_font_size_mobile":0,"ocean_menu_typo_font_size_unit":"px","ocean_menu_typo_font_weight":"","ocean_menu_typo_font_weight_tablet":"","ocean_menu_typo_font_weight_mobile":"","ocean_menu_typo_transform":"","ocean_menu_typo_transform_tablet":"","ocean_menu_typo_transform_mobile":"","ocean_menu_typo_line_height":0,"ocean_menu_typo_line_height_tablet":0,"ocean_menu_typo_line_height_mobile":0,"ocean_menu_typo_line_height_unit":"","ocean_menu_typo_spacing":0,"ocean_menu_typo_spacing_tablet":0,"ocean_menu_typo_spacing_mobile":0,"ocean_menu_typo_spacing_unit":"","ocean_menu_link_color":"","ocean_menu_link_color_hover":"","ocean_menu_link_color_active":"","ocean_menu_link_background":"","ocean_menu_link_hover_background":"","ocean_menu_link_active_background":"","ocean_menu_social_links_bg":"","ocean_menu_social_hover_links_bg":"","ocean_menu_social_links_color":"","ocean_menu_social_hover_links_color":"","ocean_disable_title":"default","ocean_disable_heading":"default","ocean_post_title":"","ocean_post_subheading":"","ocean_post_title_style":"","ocean_post_title_background_color":"","ocean_post_title_background":0,"ocean_post_title_bg_image_position":"","ocean_post_title_bg_image_attachment":"","ocean_post_title_bg_image_repeat":"","ocean_post_title_bg_image_size":"","ocean_post_title_height":0,"ocean_post_title_bg_overlay":0.5,"ocean_post_title_bg_overlay_color":"","ocean_disable_breadcrumbs":"default","ocean_breadcrumbs_color":"","ocean_breadcrumbs_separator_color":"","ocean_breadcrumbs_links_color":"","ocean_breadcrumbs_links_hover_color":"","ocean_display_footer_widgets":"default","ocean_display_footer_bottom":"default","ocean_custom_footer_template":"0","footnotes":""},"_links":{"self":[{"href":"https:\/\/villaimex.com\/sitio\/wp-json\/wp\/v2\/pages\/1054"}],"collection":[{"href":"https:\/\/villaimex.com\/sitio\/wp-json\/wp\/v2\/pages"}],"about":[{"href":"https:\/\/villaimex.com\/sitio\/wp-json\/wp\/v2\/types\/page"}],"author":[{"embeddable":true,"href":"https:\/\/villaimex.com\/sitio\/wp-json\/wp\/v2\/users\/1"}],"replies":[{"embeddable":true,"href":"https:\/\/villaimex.com\/sitio\/wp-json\/wp\/v2\/comments?post=1054"}],"version-history":[{"count":10,"href":"https:\/\/villaimex.com\/sitio\/wp-json\/wp\/v2\/pages\/1054\/revisions"}],"predecessor-version":[{"id":1212,"href":"https:\/\/villaimex.com\/sitio\/wp-json\/wp\/v2\/pages\/1054\/revisions\/1212"}],"up":[{"embeddable":true,"href":"https:\/\/villaimex.com\/sitio\/wp-json\/wp\/v2\/pages\/759"}],"wp:attachment":[{"href":"https:\/\/villaimex.com\/sitio\/wp-json\/wp\/v2\/media?parent=1054"}],"curies":[{"name":"wp","href":"https:\/\/api.w.org\/{rel}","templated":true}]}}