{"id":476,"date":"2016-03-09T16:52:17","date_gmt":"2016-03-09T16:52:17","guid":{"rendered":"http:\/\/villaimex.com\/sitio\/?page_id=476"},"modified":"2020-04-21T22:43:14","modified_gmt":"2020-04-21T22:43:14","slug":"impresion-sustentable","status":"publish","type":"page","link":"https:\/\/villaimex.com\/sitio\/impresion-sustentable\/","title":{"rendered":"Impresi\u00f3n Sustentable"},"content":{"rendered":"\n<figure class=\"wp-block-image size-full\"><img fetchpriority=\"high\" decoding=\"async\" width=\"2560\" height=\"1218\" src=\"https:\/\/villaimex.com\/sitio\/wp-content\/uploads\/2020\/04\/pagina-Villaimex-FONDO-scaled.jpg\" alt=\"\" class=\"wp-image-1275\" srcset=\"https:\/\/villaimex.com\/sitio\/wp-content\/uploads\/2020\/04\/pagina-Villaimex-FONDO-scaled.jpg 2560w, https:\/\/villaimex.com\/sitio\/wp-content\/uploads\/2020\/04\/pagina-Villaimex-FONDO-300x143.jpg 300w, https:\/\/villaimex.com\/sitio\/wp-content\/uploads\/2020\/04\/pagina-Villaimex-FONDO-1024x487.jpg 1024w, https:\/\/villaimex.com\/sitio\/wp-content\/uploads\/2020\/04\/pagina-Villaimex-FONDO-768x365.jpg 768w, https:\/\/villaimex.com\/sitio\/wp-content\/uploads\/2020\/04\/pagina-Villaimex-FONDO-1536x731.jpg 1536w, https:\/\/villaimex.com\/sitio\/wp-content\/uploads\/2020\/04\/pagina-Villaimex-FONDO-2048x975.jpg 2048w, https:\/\/villaimex.com\/sitio\/wp-content\/uploads\/2020\/04\/pagina-Villaimex-FONDO-600x286.jpg 600w\" sizes=\"(max-width: 2560px) 100vw, 2560px\" \/><figcaption><span style=\"color:#18b100\" class=\"has-inline-color\"><a href=\"#Lona-Fotogr\u00e1fica\" style=\"color: #18b100; font-weight: normal;\" onmouseover=\"this.style.fontWeight='bold';\" onmouseout=\"this.style.fontWeight='normal';\">Lona Fotogr\u00e1fica<\/a> | <a href=\"#Papel-Tapiz\" style=\"color: #18b100; font-weight: normal;\" onmouseover=\"this.style.fontWeight='bold';\" onmouseout=\"this.style.fontWeight='normal';\">Papel Tapiz<\/a> | <a href=\"#Microperforado\" style=\"color: #18b100; font-weight: normal;\" onmouseover=\"this.style.fontWeight='bold';\" onmouseout=\"this.style.fontWeight='normal';\">Microperforado<\/a> | <a href=\"#Vinilos\" style=\"color: #18b100; font-weight: normal;\" onmouseover=\"this.style.fontWeight='bold';\" onmouseout=\"this.style.fontWeight='normal';\">Vinilos<\/a>| <a href=\"#P\u00f3sters\" style=\"color: #18b100; font-weight: normal;\" onmouseover=\"this.style.fontWeight='bold';\" onmouseout=\"this.style.fontWeight='normal';\">P\u00f3sters<\/a> | <a href=\"#Acr\u00edlico\" style=\"color: #18b100; font-weight: normal;\" onmouseover=\"this.style.fontWeight='bold';\" onmouseout=\"this.style.fontWeight='normal';\">Acr\u00edlico<\/a><\/span><\/figcaption><\/figure>\n\n\n\n<h3 class=\"wp-block-heading\" id=\"Lona-Fotogr\u00e1fica\"><span style=\"color:#18b100\" class=\"has-inline-color\">Lona Fotogr\u00e1fica<\/span><\/h3>\n\n\n\n<figure class=\"wp-block-gallery columns-3 is-cropped wp-block-gallery-1 is-layout-flex wp-block-gallery-is-layout-flex\"><ul class=\"blocks-gallery-grid\"><li class=\"blocks-gallery-item\"><figure><img decoding=\"async\" width=\"400\" height=\"400\" src=\"https:\/\/villaimex.com\/sitio\/wp-content\/uploads\/2020\/04\/lonapvc1_1.jpg\" alt=\"\" data-id=\"1122\" data-full-url=\"https:\/\/villaimex.com\/sitio\/wp-content\/uploads\/2020\/04\/lonapvc1_1.jpg\" data-link=\"https:\/\/villaimex.com\/sitio\/lona-fotografica\/lonapvc1_1\/\" class=\"wp-image-1122\" srcset=\"https:\/\/villaimex.com\/sitio\/wp-content\/uploads\/2020\/04\/lonapvc1_1.jpg 400w, https:\/\/villaimex.com\/sitio\/wp-content\/uploads\/2020\/04\/lonapvc1_1-300x300.jpg 300w, https:\/\/villaimex.com\/sitio\/wp-content\/uploads\/2020\/04\/lonapvc1_1-150x150.jpg 150w, https:\/\/villaimex.com\/sitio\/wp-content\/uploads\/2020\/04\/lonapvc1_1-100x100.jpg 100w\" sizes=\"(max-width: 400px) 100vw, 400px\" \/><figcaption class=\"blocks-gallery-item__caption\">Lona FrontLit<\/figcaption><\/figure><\/li><li class=\"blocks-gallery-item\"><figure><img decoding=\"async\" width=\"400\" height=\"400\" src=\"https:\/\/villaimex.com\/sitio\/wp-content\/uploads\/2020\/04\/lonadoblecara1_1.jpg\" alt=\"\" data-id=\"1134\" data-full-url=\"https:\/\/villaimex.com\/sitio\/wp-content\/uploads\/2020\/04\/lonadoblecara1_1.jpg\" data-link=\"https:\/\/villaimex.com\/sitio\/lona-fotografica\/lonadoblecara1_1\/\" class=\"wp-image-1134\" srcset=\"https:\/\/villaimex.com\/sitio\/wp-content\/uploads\/2020\/04\/lonadoblecara1_1.jpg 400w, https:\/\/villaimex.com\/sitio\/wp-content\/uploads\/2020\/04\/lonadoblecara1_1-300x300.jpg 300w, https:\/\/villaimex.com\/sitio\/wp-content\/uploads\/2020\/04\/lonadoblecara1_1-150x150.jpg 150w, https:\/\/villaimex.com\/sitio\/wp-content\/uploads\/2020\/04\/lonadoblecara1_1-100x100.jpg 100w\" sizes=\"(max-width: 400px) 100vw, 400px\" \/><figcaption class=\"blocks-gallery-item__caption\">Lona BlockOut<\/figcaption><\/figure><\/li><li class=\"blocks-gallery-item\"><figure><img loading=\"lazy\" decoding=\"async\" width=\"400\" height=\"400\" src=\"https:\/\/villaimex.com\/sitio\/wp-content\/uploads\/2020\/04\/lonamicro1_1_1_.jpg\" alt=\"\" data-id=\"1121\" data-full-url=\"https:\/\/villaimex.com\/sitio\/wp-content\/uploads\/2020\/04\/lonamicro1_1_1_.jpg\" data-link=\"https:\/\/villaimex.com\/sitio\/lona-fotografica\/lonamicro1_1_1_\/\" class=\"wp-image-1121\" srcset=\"https:\/\/villaimex.com\/sitio\/wp-content\/uploads\/2020\/04\/lonamicro1_1_1_.jpg 400w, https:\/\/villaimex.com\/sitio\/wp-content\/uploads\/2020\/04\/lonamicro1_1_1_-300x300.jpg 300w, https:\/\/villaimex.com\/sitio\/wp-content\/uploads\/2020\/04\/lonamicro1_1_1_-150x150.jpg 150w, https:\/\/villaimex.com\/sitio\/wp-content\/uploads\/2020\/04\/lonamicro1_1_1_-100x100.jpg 100w\" sizes=\"(max-width: 400px) 100vw, 400px\" \/><figcaption class=\"blocks-gallery-item__caption\">Lona Microperforada o Mesh<\/figcaption><\/figure><\/li><\/ul><\/figure>\n\n\n\n<div style=\"height:100px\" aria-hidden=\"true\" class=\"wp-block-spacer\"><\/div>\n\n\n\n<h3 class=\"wp-block-heading\" id=\"Papel-Tapiz\"><span style=\"color:#18b100\" class=\"has-inline-color\">Papel Tapiz<\/span><\/h3>\n\n\n\n<figure class=\"wp-block-gallery columns-3 wp-block-gallery-2 is-layout-flex wp-block-gallery-is-layout-flex\"><ul class=\"blocks-gallery-grid\"><li class=\"blocks-gallery-item\"><figure><img loading=\"lazy\" decoding=\"async\" width=\"1024\" height=\"696\" src=\"https:\/\/villaimex.com\/sitio\/wp-content\/uploads\/2020\/04\/fototapete-mystique-komar-1024x696.jpg\" alt=\"\" data-id=\"1159\" data-full-url=\"https:\/\/villaimex.com\/sitio\/wp-content\/uploads\/2020\/04\/fototapete-mystique-komar.jpg\" data-link=\"https:\/\/villaimex.com\/sitio\/papel-tapiz\/fototapete-mystique-komar\/\" class=\"wp-image-1159\" srcset=\"https:\/\/villaimex.com\/sitio\/wp-content\/uploads\/2020\/04\/fototapete-mystique-komar-1024x696.jpg 1024w, https:\/\/villaimex.com\/sitio\/wp-content\/uploads\/2020\/04\/fototapete-mystique-komar-300x204.jpg 300w, https:\/\/villaimex.com\/sitio\/wp-content\/uploads\/2020\/04\/fototapete-mystique-komar-768x522.jpg 768w, https:\/\/villaimex.com\/sitio\/wp-content\/uploads\/2020\/04\/fototapete-mystique-komar-1536x1044.jpg 1536w, https:\/\/villaimex.com\/sitio\/wp-content\/uploads\/2020\/04\/fototapete-mystique-komar-600x408.jpg 600w, https:\/\/villaimex.com\/sitio\/wp-content\/uploads\/2020\/04\/fototapete-mystique-komar.jpg 2000w\" sizes=\"(max-width: 1024px) 100vw, 1024px\" \/><\/figure><\/li><li class=\"blocks-gallery-item\"><figure><img loading=\"lazy\" decoding=\"async\" width=\"1024\" height=\"1024\" src=\"https:\/\/villaimex.com\/sitio\/wp-content\/uploads\/2020\/04\/res_804bbe1cb1fc9967525b6072b5219153_full-1024x1024.jpg\" alt=\"\" data-id=\"1166\" data-full-url=\"https:\/\/villaimex.com\/sitio\/wp-content\/uploads\/2020\/04\/res_804bbe1cb1fc9967525b6072b5219153_full.jpg\" data-link=\"https:\/\/villaimex.com\/sitio\/papel-tapiz\/res_804bbe1cb1fc9967525b6072b5219153_full\/\" class=\"wp-image-1166\" srcset=\"https:\/\/villaimex.com\/sitio\/wp-content\/uploads\/2020\/04\/res_804bbe1cb1fc9967525b6072b5219153_full-1024x1024.jpg 1024w, https:\/\/villaimex.com\/sitio\/wp-content\/uploads\/2020\/04\/res_804bbe1cb1fc9967525b6072b5219153_full-300x300.jpg 300w, https:\/\/villaimex.com\/sitio\/wp-content\/uploads\/2020\/04\/res_804bbe1cb1fc9967525b6072b5219153_full-150x150.jpg 150w, https:\/\/villaimex.com\/sitio\/wp-content\/uploads\/2020\/04\/res_804bbe1cb1fc9967525b6072b5219153_full-768x768.jpg 768w, https:\/\/villaimex.com\/sitio\/wp-content\/uploads\/2020\/04\/res_804bbe1cb1fc9967525b6072b5219153_full-1536x1536.jpg 1536w, https:\/\/villaimex.com\/sitio\/wp-content\/uploads\/2020\/04\/res_804bbe1cb1fc9967525b6072b5219153_full-600x600.jpg 600w, https:\/\/villaimex.com\/sitio\/wp-content\/uploads\/2020\/04\/res_804bbe1cb1fc9967525b6072b5219153_full-100x100.jpg 100w, https:\/\/villaimex.com\/sitio\/wp-content\/uploads\/2020\/04\/res_804bbe1cb1fc9967525b6072b5219153_full.jpg 2000w\" sizes=\"(max-width: 1024px) 100vw, 1024px\" \/><\/figure><\/li><li class=\"blocks-gallery-item\"><figure><img loading=\"lazy\" decoding=\"async\" width=\"1024\" height=\"569\" src=\"https:\/\/villaimex.com\/sitio\/wp-content\/uploads\/2020\/04\/sandra-cal-papelpintado-novedades-1024x569.jpg\" alt=\"\" data-id=\"1163\" data-full-url=\"https:\/\/villaimex.com\/sitio\/wp-content\/uploads\/2020\/04\/sandra-cal-papelpintado-novedades.jpg\" data-link=\"https:\/\/villaimex.com\/sitio\/papel-tapiz\/sandra-cal-papelpintado-novedades\/\" class=\"wp-image-1163\" srcset=\"https:\/\/villaimex.com\/sitio\/wp-content\/uploads\/2020\/04\/sandra-cal-papelpintado-novedades-1024x569.jpg 1024w, https:\/\/villaimex.com\/sitio\/wp-content\/uploads\/2020\/04\/sandra-cal-papelpintado-novedades-300x167.jpg 300w, https:\/\/villaimex.com\/sitio\/wp-content\/uploads\/2020\/04\/sandra-cal-papelpintado-novedades-768x427.jpg 768w, https:\/\/villaimex.com\/sitio\/wp-content\/uploads\/2020\/04\/sandra-cal-papelpintado-novedades-600x334.jpg 600w, https:\/\/villaimex.com\/sitio\/wp-content\/uploads\/2020\/04\/sandra-cal-papelpintado-novedades.jpg 1200w\" sizes=\"(max-width: 1024px) 100vw, 1024px\" \/><\/figure><\/li><\/ul><\/figure>\n\n\n\n<div style=\"height:100px\" aria-hidden=\"true\" class=\"wp-block-spacer\"><\/div>\n\n\n\n<h3 class=\"wp-block-heading\" id=\"Microperforado\"><span style=\"color:#18b100\" class=\"has-inline-color\">Vinil Microperforado<\/span><\/h3>\n\n\n\n<figure class=\"wp-block-gallery columns-3 wp-block-gallery-3 is-layout-flex wp-block-gallery-is-layout-flex\"><ul class=\"blocks-gallery-grid\"><li class=\"blocks-gallery-item\"><figure><img loading=\"lazy\" decoding=\"async\" width=\"515\" height=\"242\" src=\"https:\/\/villaimex.com\/sitio\/wp-content\/uploads\/2020\/04\/1476099329.jpg\" alt=\"\" data-id=\"1178\" data-full-url=\"https:\/\/villaimex.com\/sitio\/wp-content\/uploads\/2020\/04\/1476099329.jpg\" data-link=\"https:\/\/villaimex.com\/sitio\/microperforado\/attachment\/1476099329\/\" class=\"wp-image-1178\" srcset=\"https:\/\/villaimex.com\/sitio\/wp-content\/uploads\/2020\/04\/1476099329.jpg 515w, https:\/\/villaimex.com\/sitio\/wp-content\/uploads\/2020\/04\/1476099329-300x141.jpg 300w\" sizes=\"(max-width: 515px) 100vw, 515px\" \/><\/figure><\/li><li class=\"blocks-gallery-item\"><figure><img loading=\"lazy\" decoding=\"async\" width=\"1024\" height=\"768\" src=\"https:\/\/villaimex.com\/sitio\/wp-content\/uploads\/2016\/03\/9-1024x768.jpg\" alt=\"\" data-id=\"556\" data-full-url=\"https:\/\/villaimex.com\/sitio\/wp-content\/uploads\/2016\/03\/9.jpg\" data-link=\"https:\/\/villaimex.com\/sitio\/9\/\" class=\"wp-image-556\" srcset=\"https:\/\/villaimex.com\/sitio\/wp-content\/uploads\/2016\/03\/9-1024x768.jpg 1024w, https:\/\/villaimex.com\/sitio\/wp-content\/uploads\/2016\/03\/9-600x450.jpg 600w, https:\/\/villaimex.com\/sitio\/wp-content\/uploads\/2016\/03\/9-300x225.jpg 300w, https:\/\/villaimex.com\/sitio\/wp-content\/uploads\/2016\/03\/9.jpg 1067w\" sizes=\"(max-width: 1024px) 100vw, 1024px\" \/><\/figure><\/li><li class=\"blocks-gallery-item\"><figure><img loading=\"lazy\" decoding=\"async\" width=\"1024\" height=\"731\" src=\"https:\/\/villaimex.com\/sitio\/wp-content\/uploads\/2020\/04\/imprimir-vinilo-microperforado-cristales-coche-2-966809.jpg\" alt=\"\" data-id=\"1177\" data-full-url=\"https:\/\/villaimex.com\/sitio\/wp-content\/uploads\/2020\/04\/imprimir-vinilo-microperforado-cristales-coche-2-966809.jpg\" data-link=\"https:\/\/villaimex.com\/sitio\/microperforado\/imprimir-vinilo-microperforado-cristales-coche-2-966809\/\" class=\"wp-image-1177\" srcset=\"https:\/\/villaimex.com\/sitio\/wp-content\/uploads\/2020\/04\/imprimir-vinilo-microperforado-cristales-coche-2-966809.jpg 1024w, https:\/\/villaimex.com\/sitio\/wp-content\/uploads\/2020\/04\/imprimir-vinilo-microperforado-cristales-coche-2-966809-300x214.jpg 300w, https:\/\/villaimex.com\/sitio\/wp-content\/uploads\/2020\/04\/imprimir-vinilo-microperforado-cristales-coche-2-966809-768x548.jpg 768w, https:\/\/villaimex.com\/sitio\/wp-content\/uploads\/2020\/04\/imprimir-vinilo-microperforado-cristales-coche-2-966809-600x428.jpg 600w\" sizes=\"(max-width: 1024px) 100vw, 1024px\" \/><\/figure><\/li><\/ul><\/figure>\n\n\n\n<div style=\"height:100px\" aria-hidden=\"true\" class=\"wp-block-spacer\"><\/div>\n\n\n\n<h3 class=\"wp-block-heading\" id=\"Vinilos\"><span style=\"color:#18b100\" class=\"has-inline-color\">Vinil impreso y de corte<\/span><\/h3>\n\n\n\n<figure class=\"wp-block-gallery columns-3 is-cropped wp-block-gallery-4 is-layout-flex wp-block-gallery-is-layout-flex\"><ul class=\"blocks-gallery-grid\"><li class=\"blocks-gallery-item\"><figure><img loading=\"lazy\" decoding=\"async\" width=\"563\" height=\"518\" src=\"https:\/\/villaimex.com\/sitio\/wp-content\/uploads\/2020\/04\/3e0046359cdf3a72100c67a7ad229116.jpg\" alt=\"\" data-id=\"1247\" data-full-url=\"https:\/\/villaimex.com\/sitio\/wp-content\/uploads\/2020\/04\/3e0046359cdf3a72100c67a7ad229116.jpg\" data-link=\"https:\/\/villaimex.com\/sitio\/impresion-sustentable\/3e0046359cdf3a72100c67a7ad229116\/\" class=\"wp-image-1247\" srcset=\"https:\/\/villaimex.com\/sitio\/wp-content\/uploads\/2020\/04\/3e0046359cdf3a72100c67a7ad229116.jpg 563w, https:\/\/villaimex.com\/sitio\/wp-content\/uploads\/2020\/04\/3e0046359cdf3a72100c67a7ad229116-300x276.jpg 300w\" sizes=\"(max-width: 563px) 100vw, 563px\" \/><\/figure><\/li><li class=\"blocks-gallery-item\"><figure><img loading=\"lazy\" decoding=\"async\" width=\"1024\" height=\"768\" src=\"https:\/\/villaimex.com\/sitio\/wp-content\/uploads\/2016\/03\/1-1024x768.jpg\" alt=\"\" data-id=\"548\" data-link=\"https:\/\/villaimex.com\/sitio\/1\/\" class=\"wp-image-548\" srcset=\"https:\/\/villaimex.com\/sitio\/wp-content\/uploads\/2016\/03\/1-1024x768.jpg 1024w, https:\/\/villaimex.com\/sitio\/wp-content\/uploads\/2016\/03\/1-600x450.jpg 600w, https:\/\/villaimex.com\/sitio\/wp-content\/uploads\/2016\/03\/1-300x225.jpg 300w, https:\/\/villaimex.com\/sitio\/wp-content\/uploads\/2016\/03\/1.jpg 1067w\" sizes=\"(max-width: 1024px) 100vw, 1024px\" \/><\/figure><\/li><li class=\"blocks-gallery-item\"><figure><img loading=\"lazy\" decoding=\"async\" width=\"736\" height=\"489\" src=\"https:\/\/villaimex.com\/sitio\/wp-content\/uploads\/2020\/04\/e99ca7adfdd5f2a3133b40cc50d6e6ca.jpg\" alt=\"\" data-id=\"1251\" data-full-url=\"https:\/\/villaimex.com\/sitio\/wp-content\/uploads\/2020\/04\/e99ca7adfdd5f2a3133b40cc50d6e6ca.jpg\" data-link=\"https:\/\/villaimex.com\/sitio\/impresion-sustentable\/e99ca7adfdd5f2a3133b40cc50d6e6ca\/\" class=\"wp-image-1251\" srcset=\"https:\/\/villaimex.com\/sitio\/wp-content\/uploads\/2020\/04\/e99ca7adfdd5f2a3133b40cc50d6e6ca.jpg 736w, https:\/\/villaimex.com\/sitio\/wp-content\/uploads\/2020\/04\/e99ca7adfdd5f2a3133b40cc50d6e6ca-300x199.jpg 300w, https:\/\/villaimex.com\/sitio\/wp-content\/uploads\/2020\/04\/e99ca7adfdd5f2a3133b40cc50d6e6ca-600x399.jpg 600w\" sizes=\"(max-width: 736px) 100vw, 736px\" \/><\/figure><\/li><\/ul><\/figure>\n\n\n\n<div style=\"height:100px\" aria-hidden=\"true\" class=\"wp-block-spacer\"><\/div>\n\n\n\n<h3 class=\"wp-block-heading\" id=\"P\u00f3sters\"><span style=\"color:#18b100\" class=\"has-inline-color\">P\u00f3sters<\/span><\/h3>\n\n\n\n<figure class=\"wp-block-gallery columns-3 is-cropped wp-block-gallery-5 is-layout-flex wp-block-gallery-is-layout-flex\"><ul class=\"blocks-gallery-grid\"><li class=\"blocks-gallery-item\"><figure><img loading=\"lazy\" decoding=\"async\" width=\"1024\" height=\"512\" src=\"https:\/\/villaimex.com\/sitio\/wp-content\/uploads\/2020\/04\/carteleria-1500x750-1-1024x512.jpg\" alt=\"\" data-id=\"1252\" data-full-url=\"https:\/\/villaimex.com\/sitio\/wp-content\/uploads\/2020\/04\/carteleria-1500x750-1.jpg\" data-link=\"https:\/\/villaimex.com\/sitio\/impresion-sustentable\/carteleria-1500x750-1\/\" class=\"wp-image-1252\" srcset=\"https:\/\/villaimex.com\/sitio\/wp-content\/uploads\/2020\/04\/carteleria-1500x750-1-1024x512.jpg 1024w, https:\/\/villaimex.com\/sitio\/wp-content\/uploads\/2020\/04\/carteleria-1500x750-1-300x150.jpg 300w, https:\/\/villaimex.com\/sitio\/wp-content\/uploads\/2020\/04\/carteleria-1500x750-1-768x384.jpg 768w, https:\/\/villaimex.com\/sitio\/wp-content\/uploads\/2020\/04\/carteleria-1500x750-1-600x300.jpg 600w, https:\/\/villaimex.com\/sitio\/wp-content\/uploads\/2020\/04\/carteleria-1500x750-1.jpg 1500w\" sizes=\"(max-width: 1024px) 100vw, 1024px\" \/><\/figure><\/li><li class=\"blocks-gallery-item\"><figure><img loading=\"lazy\" decoding=\"async\" width=\"1024\" height=\"640\" src=\"https:\/\/villaimex.com\/sitio\/wp-content\/uploads\/2020\/04\/impresion-fotografica-en-poster-1080x675-1-1024x640.jpg\" alt=\"\" data-id=\"1253\" data-full-url=\"https:\/\/villaimex.com\/sitio\/wp-content\/uploads\/2020\/04\/impresion-fotografica-en-poster-1080x675-1.jpg\" data-link=\"https:\/\/villaimex.com\/sitio\/impresion-sustentable\/impresion-fotografica-en-poster-1080x675-1\/\" class=\"wp-image-1253\" srcset=\"https:\/\/villaimex.com\/sitio\/wp-content\/uploads\/2020\/04\/impresion-fotografica-en-poster-1080x675-1-1024x640.jpg 1024w, https:\/\/villaimex.com\/sitio\/wp-content\/uploads\/2020\/04\/impresion-fotografica-en-poster-1080x675-1-300x188.jpg 300w, https:\/\/villaimex.com\/sitio\/wp-content\/uploads\/2020\/04\/impresion-fotografica-en-poster-1080x675-1-768x480.jpg 768w, https:\/\/villaimex.com\/sitio\/wp-content\/uploads\/2020\/04\/impresion-fotografica-en-poster-1080x675-1-600x375.jpg 600w, https:\/\/villaimex.com\/sitio\/wp-content\/uploads\/2020\/04\/impresion-fotografica-en-poster-1080x675-1.jpg 1080w\" sizes=\"(max-width: 1024px) 100vw, 1024px\" \/><\/figure><\/li><li class=\"blocks-gallery-item\"><figure><img loading=\"lazy\" decoding=\"async\" width=\"1024\" height=\"768\" src=\"https:\/\/villaimex.com\/sitio\/wp-content\/uploads\/2020\/04\/WhatsApp-Image-2020-04-20-at-5.55.49-PM.jpeg\" alt=\"\" data-id=\"1409\" data-full-url=\"https:\/\/villaimex.com\/sitio\/wp-content\/uploads\/2020\/04\/WhatsApp-Image-2020-04-20-at-5.55.49-PM.jpeg\" data-link=\"https:\/\/villaimex.com\/sitio\/sobre-nosotros\/whatsapp-image-2020-04-20-at-5-55-49-pm\/\" class=\"wp-image-1409\" srcset=\"https:\/\/villaimex.com\/sitio\/wp-content\/uploads\/2020\/04\/WhatsApp-Image-2020-04-20-at-5.55.49-PM.jpeg 1024w, https:\/\/villaimex.com\/sitio\/wp-content\/uploads\/2020\/04\/WhatsApp-Image-2020-04-20-at-5.55.49-PM-300x225.jpeg 300w, https:\/\/villaimex.com\/sitio\/wp-content\/uploads\/2020\/04\/WhatsApp-Image-2020-04-20-at-5.55.49-PM-768x576.jpeg 768w, https:\/\/villaimex.com\/sitio\/wp-content\/uploads\/2020\/04\/WhatsApp-Image-2020-04-20-at-5.55.49-PM-600x450.jpeg 600w\" sizes=\"(max-width: 1024px) 100vw, 1024px\" \/><\/figure><\/li><\/ul><\/figure>\n\n\n\n<div style=\"height:100px\" aria-hidden=\"true\" class=\"wp-block-spacer\"><\/div>\n\n\n\n<h3 class=\"wp-block-heading\" id=\"Acr\u00edlico\"><span style=\"color:#18b100\" class=\"has-inline-color\">Acr\u00edlico<\/span><\/h3>\n\n\n\n<figure class=\"wp-block-gallery columns-3 wp-block-gallery-6 is-layout-flex wp-block-gallery-is-layout-flex\"><ul class=\"blocks-gallery-grid\"><li class=\"blocks-gallery-item\"><figure><img loading=\"lazy\" decoding=\"async\" width=\"1024\" height=\"683\" src=\"https:\/\/villaimex.com\/sitio\/wp-content\/uploads\/2020\/04\/liliana1-grande-1024x683.jpg\" alt=\"\" data-id=\"1246\" data-full-url=\"https:\/\/villaimex.com\/sitio\/wp-content\/uploads\/2020\/04\/liliana1-grande.jpg\" data-link=\"https:\/\/villaimex.com\/sitio\/impresion-sustentable\/football\/\" class=\"wp-image-1246\" srcset=\"https:\/\/villaimex.com\/sitio\/wp-content\/uploads\/2020\/04\/liliana1-grande-1024x683.jpg 1024w, https:\/\/villaimex.com\/sitio\/wp-content\/uploads\/2020\/04\/liliana1-grande-300x200.jpg 300w, https:\/\/villaimex.com\/sitio\/wp-content\/uploads\/2020\/04\/liliana1-grande-768x512.jpg 768w, https:\/\/villaimex.com\/sitio\/wp-content\/uploads\/2020\/04\/liliana1-grande-600x400.jpg 600w, https:\/\/villaimex.com\/sitio\/wp-content\/uploads\/2020\/04\/liliana1-grande.jpg 1500w\" sizes=\"(max-width: 1024px) 100vw, 1024px\" \/><\/figure><\/li><li class=\"blocks-gallery-item\"><figure><img loading=\"lazy\" decoding=\"async\" width=\"490\" height=\"490\" src=\"https:\/\/villaimex.com\/sitio\/wp-content\/uploads\/2020\/04\/cuadro-acr-490x490-1.jpg\" alt=\"\" data-id=\"1243\" data-full-url=\"https:\/\/villaimex.com\/sitio\/wp-content\/uploads\/2020\/04\/cuadro-acr-490x490-1.jpg\" data-link=\"https:\/\/villaimex.com\/sitio\/impresion-sustentable\/cuadro-acr-490x490\/\" class=\"wp-image-1243\" srcset=\"https:\/\/villaimex.com\/sitio\/wp-content\/uploads\/2020\/04\/cuadro-acr-490x490-1.jpg 490w, https:\/\/villaimex.com\/sitio\/wp-content\/uploads\/2020\/04\/cuadro-acr-490x490-1-300x300.jpg 300w, https:\/\/villaimex.com\/sitio\/wp-content\/uploads\/2020\/04\/cuadro-acr-490x490-1-150x150.jpg 150w, https:\/\/villaimex.com\/sitio\/wp-content\/uploads\/2020\/04\/cuadro-acr-490x490-1-100x100.jpg 100w\" sizes=\"(max-width: 490px) 100vw, 490px\" \/><\/figure><\/li><li class=\"blocks-gallery-item\"><figure><img loading=\"lazy\" decoding=\"async\" width=\"510\" height=\"600\" src=\"https:\/\/villaimex.com\/sitio\/wp-content\/uploads\/2020\/04\/Cartelera-doble-acr\u00edlico-tama\u00f1o-carta-1.png\" alt=\"\" data-id=\"1242\" data-full-url=\"https:\/\/villaimex.com\/sitio\/wp-content\/uploads\/2020\/04\/Cartelera-doble-acr\u00edlico-tama\u00f1o-carta-1.png\" data-link=\"https:\/\/villaimex.com\/sitio\/impresion-sustentable\/cartelera-doble-acrilico-tamano-carta-1\/\" class=\"wp-image-1242\" srcset=\"https:\/\/villaimex.com\/sitio\/wp-content\/uploads\/2020\/04\/Cartelera-doble-acr\u00edlico-tama\u00f1o-carta-1.png 510w, https:\/\/villaimex.com\/sitio\/wp-content\/uploads\/2020\/04\/Cartelera-doble-acr\u00edlico-tama\u00f1o-carta-1-255x300.png 255w\" sizes=\"(max-width: 510px) 100vw, 510px\" \/><\/figure><\/li><\/ul><\/figure>\n\n\n\n<p><\/p>\n","protected":false},"excerpt":{"rendered":"<p>Lona Fotogr\u00e1fica Papel Tapiz Vinil Microperforado Vinil impreso y de corte P\u00f3sters Acr\u00edlico<\/p>\n","protected":false},"author":1,"featured_media":0,"parent":0,"menu_order":0,"comment_status":"closed","ping_status":"closed","template":"","meta":{"ocean_post_layout":"","ocean_both_sidebars_style":"","ocean_both_sidebars_content_width":0,"ocean_both_sidebars_sidebars_width":0,"ocean_sidebar":"0","ocean_second_sidebar":"0","ocean_disable_margins":"on","ocean_add_body_class":"","ocean_shortcode_before_top_bar":"","ocean_shortcode_after_top_bar":"","ocean_shortcode_before_header":"","ocean_shortcode_after_header":"","ocean_has_shortcode":"","ocean_shortcode_after_title":"","ocean_shortcode_before_footer_widgets":"","ocean_shortcode_after_footer_widgets":"","ocean_shortcode_before_footer_bottom":"","ocean_shortcode_after_footer_bottom":"","ocean_display_top_bar":"default","ocean_display_header":"default","ocean_header_style":"","ocean_center_header_left_menu":"0","ocean_custom_header_template":"0","ocean_custom_logo":0,"ocean_custom_retina_logo":0,"ocean_custom_logo_max_width":0,"ocean_custom_logo_tablet_max_width":0,"ocean_custom_logo_mobile_max_width":0,"ocean_custom_logo_max_height":0,"ocean_custom_logo_tablet_max_height":0,"ocean_custom_logo_mobile_max_height":0,"ocean_header_custom_menu":"0","ocean_menu_typo_font_family":"0","ocean_menu_typo_font_subset":"","ocean_menu_typo_font_size":0,"ocean_menu_typo_font_size_tablet":0,"ocean_menu_typo_font_size_mobile":0,"ocean_menu_typo_font_size_unit":"px","ocean_menu_typo_font_weight":"","ocean_menu_typo_font_weight_tablet":"","ocean_menu_typo_font_weight_mobile":"","ocean_menu_typo_transform":"","ocean_menu_typo_transform_tablet":"","ocean_menu_typo_transform_mobile":"","ocean_menu_typo_line_height":0,"ocean_menu_typo_line_height_tablet":0,"ocean_menu_typo_line_height_mobile":0,"ocean_menu_typo_line_height_unit":"","ocean_menu_typo_spacing":0,"ocean_menu_typo_spacing_tablet":0,"ocean_menu_typo_spacing_mobile":0,"ocean_menu_typo_spacing_unit":"","ocean_menu_link_color":"","ocean_menu_link_color_hover":"#18b100","ocean_menu_link_color_active":"#18b100","ocean_menu_link_background":"","ocean_menu_link_hover_background":"","ocean_menu_link_active_background":"","ocean_menu_social_links_bg":"","ocean_menu_social_hover_links_bg":"","ocean_menu_social_links_color":"","ocean_menu_social_hover_links_color":"#ffffff","ocean_disable_title":"on","ocean_disable_heading":"on","ocean_post_title":"","ocean_post_subheading":"","ocean_post_title_style":"centered-minimal","ocean_post_title_background_color":"","ocean_post_title_background":0,"ocean_post_title_bg_image_position":"","ocean_post_title_bg_image_attachment":"","ocean_post_title_bg_image_repeat":"","ocean_post_title_bg_image_size":"","ocean_post_title_height":0,"ocean_post_title_bg_overlay":0.5,"ocean_post_title_bg_overlay_color":"","ocean_disable_breadcrumbs":"default","ocean_breadcrumbs_color":"","ocean_breadcrumbs_separator_color":"","ocean_breadcrumbs_links_color":"","ocean_breadcrumbs_links_hover_color":"","ocean_display_footer_widgets":"default","ocean_display_footer_bottom":"default","ocean_custom_footer_template":"0","footnotes":""},"_links":{"self":[{"href":"https:\/\/villaimex.com\/sitio\/wp-json\/wp\/v2\/pages\/476"}],"collection":[{"href":"https:\/\/villaimex.com\/sitio\/wp-json\/wp\/v2\/pages"}],"about":[{"href":"https:\/\/villaimex.com\/sitio\/wp-json\/wp\/v2\/types\/page"}],"author":[{"embeddable":true,"href":"https:\/\/villaimex.com\/sitio\/wp-json\/wp\/v2\/users\/1"}],"replies":[{"embeddable":true,"href":"https:\/\/villaimex.com\/sitio\/wp-json\/wp\/v2\/comments?post=476"}],"version-history":[{"count":88,"href":"https:\/\/villaimex.com\/sitio\/wp-json\/wp\/v2\/pages\/476\/revisions"}],"predecessor-version":[{"id":1419,"href":"https:\/\/villaimex.com\/sitio\/wp-json\/wp\/v2\/pages\/476\/revisions\/1419"}],"wp:attachment":[{"href":"https:\/\/villaimex.com\/sitio\/wp-json\/wp\/v2\/media?parent=476"}],"curies":[{"name":"wp","href":"https:\/\/api.w.org\/{rel}","templated":true}]}}